{"id":10,"date":"2026-01-25T12:45:30","date_gmt":"2026-01-25T12:45:30","guid":{"rendered":"https:\/\/adeline-kinesio.fr\/?page_id=10"},"modified":"2026-03-23T19:58:11","modified_gmt":"2026-03-23T19:58:11","slug":"infos-pratiques","status":"publish","type":"page","link":"https:\/\/adeline-kinesio.fr\/index.php\/infos-pratiques\/","title":{"rendered":"Infos pratiques"},"content":{"rendered":"\t\t<div data-elementor-type=\"wp-page\" data-elementor-id=\"10\" class=\"elementor elementor-10\">\n\t\t\t\t<div class=\"elementor-element elementor-element-f471671 e-grid e-con-full e-con e-parent\" data-id=\"f471671\" data-element_type=\"container\" data-e-type=\"container\">\n\t\t<div class=\"elementor-element elementor-element-19a30a2 e-grid e-con-full e-con e-child\" data-id=\"19a30a2\" data-element_type=\"container\" data-e-type=\"container\">\n\t\t\t\t<div class=\"elementor-element elementor-element-265c903 elementor-widget elementor-widget-text-editor\" data-id=\"265c903\" data-element_type=\"widget\" data-e-type=\"widget\" data-widget_type=\"text-editor.default\">\n\t\t\t\t\t\t\t\t\t<p><strong>SEANCE<\/strong><\/p><p>Les s\u00e9ances sont individuelles.<\/p><p>La kin\u00e9siologie s\u2019adresse \u00e0 toutes tranches d\u2019\u00e2ge des b\u00e9b\u00e9s, enfants, adolescents, adultes, femmes hommes, aux seniors.<\/p><p>Tarif\u00a0: 60 euros<\/p><p>Dur\u00e9e de la s\u00e9ance 1h<\/p><p>Paiement en ch\u00e8que ou esp\u00e8ces.<\/p><p><strong>NB: En cas d\u2019emp\u00eachement, pour toute annulation ou d\u00e9placement de votre rendez-vous, merci de me pr\u00e9venir le plus rapidement possible par SMS. Je vous en remercie d\u2019avance.<\/strong><\/p><p><em>Le kin\u00e9siologue n\u2019\u00e9tablit pas de diagnostic ou de prescriptions m\u00e9dicales. Il n\u2019interf\u00e8re pas dans les traitements m\u00e9dicaux.<\/em><\/p>\t\t\t\t\t\t\t\t<\/div>\n\t\t\t\t<div class=\"elementor-element elementor-element-0dae107 elementor-widget elementor-widget-text-editor\" data-id=\"0dae107\" data-element_type=\"widget\" data-e-type=\"widget\" data-widget_type=\"text-editor.default\">\n\t\t\t\t\t\t\t\t\t<p><strong>FREQUENCE DES SEANCES ?\u00a0<\/strong><\/p><p>La kin\u00e9siologie que je pratique est orient\u00e9e vers la responsabilisation de soi. Chaque personne est libre de d\u00e9cider du nombre de s\u00e9ance qui lui est n\u00e9cessaire.<\/p><p>Chaque s\u00e9ance est abord\u00e9e de fa\u00e7on personnalis\u00e9e.<\/p><p>Certaines personnes viennent ponctuellement pour 1, 2, 3, 4, 5 s\u00e9ances\u2026<\/p><p>D\u2019autres personnes font un travail en profondeur et viennent r\u00e9guli\u00e8rement toutes les 2 \u00e0 3 semaines, 1 mois ou tous les 1 mois \u00bd ou 2 mois. Nous avan\u00e7ons \u00e0 votre rythme.<\/p><p>L\u2019efficacit\u00e9 des s\u00e9ances se fait au long cours pour un travail en profondeur en sachant que toute s\u00e9ance est \u00ab\u00a0efficace\u00a0\u00bb.<\/p><p>Une s\u00e9ance r\u00e9guli\u00e8re fait l\u2019objet d\u2019un travail plus approfondi dans le cadre de l\u2019\u00e9panouissement personnel. Comme on dit, \u00ab\u00a0Paris ne s\u2019est pas fait en un jour\u00a0!\u00a0\u00bb\u00a0\ud83d\ude09<\/p><p>Pour les personnes int\u00e9ress\u00e9es, il est possible d\u2019\u00e9tudier un programme sur mesure pour un travail sur du court, moyen ou long terme.<\/p>\t\t\t\t\t\t\t\t<\/div>\n\t\t\t\t<\/div>\n\t\t<div class=\"elementor-element elementor-element-598fb32 e-con-full e-flex e-con e-child\" data-id=\"598fb32\" data-element_type=\"container\" data-e-type=\"container\">\n\t\t\t\t<div class=\"elementor-element elementor-element-360c985 elementor-widget elementor-widget-text-editor\" data-id=\"360c985\" data-element_type=\"widget\" data-e-type=\"widget\" data-widget_type=\"text-editor.default\">\n\t\t\t\t\t\t\t\t\t<p><strong>LE CABINET<\/strong><\/p><p><img fetchpriority=\"high\" decoding=\"async\" class=\"alignnone size-full wp-image-202\" src=\"http:\/\/adeline-kinesio.fr\/wp-content\/uploads\/2026\/03\/Le_cabinet.jpg\" alt=\"\" width=\"487\" height=\"486\" srcset=\"https:\/\/adeline-kinesio.fr\/wp-content\/uploads\/2026\/03\/Le_cabinet.jpg 487w, https:\/\/adeline-kinesio.fr\/wp-content\/uploads\/2026\/03\/Le_cabinet-300x300.jpg 300w, https:\/\/adeline-kinesio.fr\/wp-content\/uploads\/2026\/03\/Le_cabinet-150x150.jpg 150w\" sizes=\"(max-width: 487px) 100vw, 487px\" \/><\/p>\t\t\t\t\t\t\t\t<\/div>\n\t\t\t\t<div class=\"elementor-element elementor-element-3b2c668 elementor-widget elementor-widget-text-editor\" data-id=\"3b2c668\" data-element_type=\"widget\" data-e-type=\"widget\" data-widget_type=\"text-editor.default\">\n\t\t\t\t\t\t\t\t\t<p><strong>MUTUELLES ET KINESIOLOGIE<\/strong><\/p><p>Les s\u00e9ances de kin\u00e9siologie ne sont pas prises en charge par l\u2019assurance maladie.<\/p><p>Cependant, certaines\u00a0mutuelles proposent des forfaits de remboursement pour une ou plusieurs\u00a0s\u00e9ances de kin\u00e9siologie.<\/p><p>N\u2019h\u00e9sitez pas \u00e0 poser la question \u00e0\u00a0votre mutuelle.\u00a0<\/p>\t\t\t\t\t\t\t\t<\/div>\n\t\t\t\t<div class=\"elementor-element elementor-element-93eb173 elementor-widget elementor-widget-text-editor\" data-id=\"93eb173\" data-element_type=\"widget\" data-e-type=\"widget\" data-widget_type=\"text-editor.default\">\n\t\t\t\t\t\t\t\t\t<p><strong>OFFRIR UNE SEANCE !\u00a0<\/strong><\/p><p>Si vous souhaitez offrir une s\u00e9ance de kin\u00e9siologie, c\u2019est possible\u00a0!<\/p><p>Fa\u00eetes (re)d\u00e9couvrir la kin\u00e9siologie \u00e0 l\u2019un(e) de vos proches, gr\u00e2ce \u00e0 une s\u00e9ance \u201ccadeau\u201d<br \/>pour cela, renseignez-vous\u00a0!<\/p><p>Des bons cadeaux de qualit\u00e9, paillettes &amp; choix de couleurs pour les enveloppes.<\/p><p><img decoding=\"async\" class=\"alignnone size-full wp-image-235\" src=\"http:\/\/adeline-kinesio.fr\/wp-content\/uploads\/2026\/03\/cadeau.jpg\" alt=\"\" width=\"851\" height=\"499\" srcset=\"https:\/\/adeline-kinesio.fr\/wp-content\/uploads\/2026\/03\/cadeau.jpg 851w, https:\/\/adeline-kinesio.fr\/wp-content\/uploads\/2026\/03\/cadeau-300x176.jpg 300w, https:\/\/adeline-kinesio.fr\/wp-content\/uploads\/2026\/03\/cadeau-768x450.jpg 768w\" sizes=\"(max-width: 851px) 100vw, 851px\" \/><\/p>\t\t\t\t\t\t\t\t<\/div>\n\t\t\t\t<\/div>\n\t\t\t\t<\/div>\n\t\t<div class=\"elementor-element elementor-element-d3d15c8 e-con-full e-flex e-con e-parent\" data-id=\"d3d15c8\" data-element_type=\"container\" data-e-type=\"container\">\n\t\t\t\t<div class=\"elementor-element elementor-element-238e67e elementor-widget elementor-widget-text-editor\" data-id=\"238e67e\" data-element_type=\"widget\" data-e-type=\"widget\" data-widget_type=\"text-editor.default\">\n\t\t\t\t\t\t\t\t\t<p style=\"text-align: center;\"><strong style=\"text-align: center;\">Adeline Danieli<\/strong><br \/><strong>Kin\u00e9siologue \/ Adaptogen\u00e8se\u00ae<\/strong><br \/>Membre du SKPF, <em>Syndicat<\/em>\u00a0des Kin\u00e9siologues\u00a0<em>Professionnels<\/em>\u00a0Francophones<\/p><p style=\"text-align: center;\"><strong>06 40 84 54 81<\/strong><br \/><strong>S\u00e9ances individuelles sur RDV \u00e0 BLAGNAC (31700)<\/strong><\/p><p><img decoding=\"async\" class=\"size-full wp-image-267 aligncenter\" src=\"http:\/\/adeline-kinesio.fr\/wp-content\/uploads\/2026\/03\/Adeline-Kinesio-Kinesiologue-Blagnac-Toulouse-Colomiers-stress-Tournefeuille.jpg\" alt=\"\" width=\"204\" height=\"21\" \/><\/p><p style=\"text-align: center;\"><strong>9 avenue du G\u00e9n\u00e9ral Compans<br \/>B\u00e2t. C, Appart. 1 \u2022 31700 BLAGNAC<\/strong><br \/>Bus 70, Arr\u00eat &#8220;Marly&#8221;<br \/>Tram T1, Arr\u00eat &#8220;Servanty Airbus&#8221;<\/p><p><img loading=\"lazy\" decoding=\"async\" class=\"size-large wp-image-161 aligncenter\" src=\"http:\/\/adeline-kinesio.fr\/wp-content\/uploads\/2026\/02\/temp_file_1770050739639-1-1024x621.jpg\" alt=\"\" width=\"1024\" height=\"621\" srcset=\"https:\/\/adeline-kinesio.fr\/wp-content\/uploads\/2026\/02\/temp_file_1770050739639-1-1024x621.jpg 1024w, https:\/\/adeline-kinesio.fr\/wp-content\/uploads\/2026\/02\/temp_file_1770050739639-1-300x182.jpg 300w, https:\/\/adeline-kinesio.fr\/wp-content\/uploads\/2026\/02\/temp_file_1770050739639-1-768x466.jpg 768w, https:\/\/adeline-kinesio.fr\/wp-content\/uploads\/2026\/02\/temp_file_1770050739639-1-1536x931.jpg 1536w, https:\/\/adeline-kinesio.fr\/wp-content\/uploads\/2026\/02\/temp_file_1770050739639-1-2048x1241.jpg 2048w\" sizes=\"(max-width: 1024px) 100vw, 1024px\" \/><\/p><p><img decoding=\"async\" class=\"size-full wp-image-267 aligncenter\" src=\"http:\/\/adeline-kinesio.fr\/wp-content\/uploads\/2026\/03\/Adeline-Kinesio-Kinesiologue-Blagnac-Toulouse-Colomiers-stress-Tournefeuille.jpg\" alt=\"\" width=\"204\" height=\"21\" \/><\/p><p style=\"text-align: center;\"><strong>06 40 84 54 81<br \/>contact@adeline-kinesio.fr<\/strong><\/p>\t\t\t\t\t\t\t\t<\/div>\n\t\t\t\t<\/div>\n\t\t\t\t<\/div>\n\t\t","protected":false},"excerpt":{"rendered":"<p>SEANCE Les s\u00e9ances sont individuelles. La kin\u00e9siologie s\u2019adresse \u00e0 toutes tranches d\u2019\u00e2ge des b\u00e9b\u00e9s, enfants, adolescents, adultes, femmes hommes, aux seniors. Tarif\u00a0: 60 euros Dur\u00e9e de la s\u00e9ance 1h Paiement en ch\u00e8que ou esp\u00e8ces. NB: En cas d\u2019emp\u00eachement, pour toute annulation ou d\u00e9placement de votre rendez-vous, merci de me pr\u00e9venir le plus rapidement possible par [&hellip;]<\/p>\n","protected":false},"author":1,"featured_media":0,"parent":0,"menu_order":0,"comment_status":"closed","ping_status":"closed","template":"","meta":{"footnotes":""},"class_list":["post-10","page","type-page","status-publish","hentry"],"blocksy_meta":[],"yoast_head":"<!-- This site is optimized with the Yoast SEO plugin v27.4 - https:\/\/yoast.com\/product\/yoast-seo-wordpress\/ -->\n<title>Infos pratiques - Adeline DANIELI, Kinesiologue &amp; Adaptogen\u00e8se<\/title>\n<meta name=\"robots\" content=\"index, follow, max-snippet:-1, max-image-preview:large, max-video-preview:-1\" \/>\n<link rel=\"canonical\" href=\"https:\/\/adeline-kinesio.fr\/index.php\/infos-pratiques\/\" \/>\n<meta property=\"og:locale\" content=\"en_US\" \/>\n<meta property=\"og:type\" content=\"article\" \/>\n<meta property=\"og:title\" content=\"Infos pratiques - Adeline DANIELI, Kinesiologue &amp; Adaptogen\u00e8se\" \/>\n<meta property=\"og:description\" content=\"SEANCE Les s\u00e9ances sont individuelles. La kin\u00e9siologie s\u2019adresse \u00e0 toutes tranches d\u2019\u00e2ge des b\u00e9b\u00e9s, enfants, adolescents, adultes, femmes hommes, aux seniors. Tarif\u00a0: 60 euros Dur\u00e9e de la s\u00e9ance 1h Paiement en ch\u00e8que ou esp\u00e8ces. NB: En cas d\u2019emp\u00eachement, pour toute annulation ou d\u00e9placement de votre rendez-vous, merci de me pr\u00e9venir le plus rapidement possible par [&hellip;]\" \/>\n<meta property=\"og:url\" content=\"https:\/\/adeline-kinesio.fr\/index.php\/infos-pratiques\/\" \/>\n<meta property=\"og:site_name\" content=\"Adeline DANIELI, Kinesiologue &amp; Adaptogen\u00e8se\" \/>\n<meta property=\"article:modified_time\" content=\"2026-03-23T19:58:11+00:00\" \/>\n<meta property=\"og:image\" content=\"http:\/\/adeline-kinesio.fr\/wp-content\/uploads\/2026\/03\/Le_cabinet.jpg\" \/>\n<meta name=\"twitter:card\" content=\"summary_large_image\" \/>\n<meta name=\"twitter:label1\" content=\"Est. reading time\" \/>\n\t<meta name=\"twitter:data1\" content=\"2 minutes\" \/>\n<script type=\"application\/ld+json\" class=\"yoast-schema-graph\">{\"@context\":\"https:\\\/\\\/schema.org\",\"@graph\":[{\"@type\":\"WebPage\",\"@id\":\"https:\\\/\\\/adeline-kinesio.fr\\\/index.php\\\/infos-pratiques\\\/\",\"url\":\"https:\\\/\\\/adeline-kinesio.fr\\\/index.php\\\/infos-pratiques\\\/\",\"name\":\"Infos pratiques - Adeline DANIELI, Kinesiologue &amp; Adaptogen\u00e8se\",\"isPartOf\":{\"@id\":\"https:\\\/\\\/adeline-kinesio.fr\\\/#website\"},\"primaryImageOfPage\":{\"@id\":\"https:\\\/\\\/adeline-kinesio.fr\\\/index.php\\\/infos-pratiques\\\/#primaryimage\"},\"image\":{\"@id\":\"https:\\\/\\\/adeline-kinesio.fr\\\/index.php\\\/infos-pratiques\\\/#primaryimage\"},\"thumbnailUrl\":\"http:\\\/\\\/adeline-kinesio.fr\\\/wp-content\\\/uploads\\\/2026\\\/03\\\/Le_cabinet.jpg\",\"datePublished\":\"2026-01-25T12:45:30+00:00\",\"dateModified\":\"2026-03-23T19:58:11+00:00\",\"breadcrumb\":{\"@id\":\"https:\\\/\\\/adeline-kinesio.fr\\\/index.php\\\/infos-pratiques\\\/#breadcrumb\"},\"inLanguage\":\"en-US\",\"potentialAction\":[{\"@type\":\"ReadAction\",\"target\":[\"https:\\\/\\\/adeline-kinesio.fr\\\/index.php\\\/infos-pratiques\\\/\"]}]},{\"@type\":\"ImageObject\",\"inLanguage\":\"en-US\",\"@id\":\"https:\\\/\\\/adeline-kinesio.fr\\\/index.php\\\/infos-pratiques\\\/#primaryimage\",\"url\":\"https:\\\/\\\/adeline-kinesio.fr\\\/wp-content\\\/uploads\\\/2026\\\/03\\\/Le_cabinet.jpg\",\"contentUrl\":\"https:\\\/\\\/adeline-kinesio.fr\\\/wp-content\\\/uploads\\\/2026\\\/03\\\/Le_cabinet.jpg\",\"width\":487,\"height\":486},{\"@type\":\"BreadcrumbList\",\"@id\":\"https:\\\/\\\/adeline-kinesio.fr\\\/index.php\\\/infos-pratiques\\\/#breadcrumb\",\"itemListElement\":[{\"@type\":\"ListItem\",\"position\":1,\"name\":\"Home\",\"item\":\"https:\\\/\\\/adeline-kinesio.fr\\\/\"},{\"@type\":\"ListItem\",\"position\":2,\"name\":\"Infos pratiques\"}]},{\"@type\":\"WebSite\",\"@id\":\"https:\\\/\\\/adeline-kinesio.fr\\\/#website\",\"url\":\"https:\\\/\\\/adeline-kinesio.fr\\\/\",\"name\":\"Adeline DANIELI, Kinesiologue & Adaptogen\u00e8se\",\"description\":\"\",\"publisher\":{\"@id\":\"https:\\\/\\\/adeline-kinesio.fr\\\/#organization\"},\"potentialAction\":[{\"@type\":\"SearchAction\",\"target\":{\"@type\":\"EntryPoint\",\"urlTemplate\":\"https:\\\/\\\/adeline-kinesio.fr\\\/?s={search_term_string}\"},\"query-input\":{\"@type\":\"PropertyValueSpecification\",\"valueRequired\":true,\"valueName\":\"search_term_string\"}}],\"inLanguage\":\"en-US\"},{\"@type\":\"Organization\",\"@id\":\"https:\\\/\\\/adeline-kinesio.fr\\\/#organization\",\"name\":\"Adeline DANIELI, Kinesiologue & Adaptogen\u00e8se\",\"url\":\"https:\\\/\\\/adeline-kinesio.fr\\\/\",\"logo\":{\"@type\":\"ImageObject\",\"inLanguage\":\"en-US\",\"@id\":\"https:\\\/\\\/adeline-kinesio.fr\\\/#\\\/schema\\\/logo\\\/image\\\/\",\"url\":\"https:\\\/\\\/adeline-kinesio.fr\\\/wp-content\\\/uploads\\\/2026\\\/03\\\/logo_accueil.jpg\",\"contentUrl\":\"https:\\\/\\\/adeline-kinesio.fr\\\/wp-content\\\/uploads\\\/2026\\\/03\\\/logo_accueil.jpg\",\"width\":171,\"height\":106,\"caption\":\"Adeline DANIELI, Kinesiologue & Adaptogen\u00e8se\"},\"image\":{\"@id\":\"https:\\\/\\\/adeline-kinesio.fr\\\/#\\\/schema\\\/logo\\\/image\\\/\"}}]}<\/script>\n<!-- \/ Yoast SEO plugin. -->","yoast_head_json":{"title":"Infos pratiques - Adeline DANIELI, Kinesiologue &amp; Adaptogen\u00e8se","robots":{"index":"index","follow":"follow","max-snippet":"max-snippet:-1","max-image-preview":"max-image-preview:large","max-video-preview":"max-video-preview:-1"},"canonical":"https:\/\/adeline-kinesio.fr\/index.php\/infos-pratiques\/","og_locale":"en_US","og_type":"article","og_title":"Infos pratiques - Adeline DANIELI, Kinesiologue &amp; Adaptogen\u00e8se","og_description":"SEANCE Les s\u00e9ances sont individuelles. La kin\u00e9siologie s\u2019adresse \u00e0 toutes tranches d\u2019\u00e2ge des b\u00e9b\u00e9s, enfants, adolescents, adultes, femmes hommes, aux seniors. Tarif\u00a0: 60 euros Dur\u00e9e de la s\u00e9ance 1h Paiement en ch\u00e8que ou esp\u00e8ces. NB: En cas d\u2019emp\u00eachement, pour toute annulation ou d\u00e9placement de votre rendez-vous, merci de me pr\u00e9venir le plus rapidement possible par [&hellip;]","og_url":"https:\/\/adeline-kinesio.fr\/index.php\/infos-pratiques\/","og_site_name":"Adeline DANIELI, Kinesiologue &amp; Adaptogen\u00e8se","article_modified_time":"2026-03-23T19:58:11+00:00","og_image":[{"url":"http:\/\/adeline-kinesio.fr\/wp-content\/uploads\/2026\/03\/Le_cabinet.jpg","type":"","width":"","height":""}],"twitter_card":"summary_large_image","twitter_misc":{"Est. reading time":"2 minutes"},"schema":{"@context":"https:\/\/schema.org","@graph":[{"@type":"WebPage","@id":"https:\/\/adeline-kinesio.fr\/index.php\/infos-pratiques\/","url":"https:\/\/adeline-kinesio.fr\/index.php\/infos-pratiques\/","name":"Infos pratiques - Adeline DANIELI, Kinesiologue &amp; Adaptogen\u00e8se","isPartOf":{"@id":"https:\/\/adeline-kinesio.fr\/#website"},"primaryImageOfPage":{"@id":"https:\/\/adeline-kinesio.fr\/index.php\/infos-pratiques\/#primaryimage"},"image":{"@id":"https:\/\/adeline-kinesio.fr\/index.php\/infos-pratiques\/#primaryimage"},"thumbnailUrl":"http:\/\/adeline-kinesio.fr\/wp-content\/uploads\/2026\/03\/Le_cabinet.jpg","datePublished":"2026-01-25T12:45:30+00:00","dateModified":"2026-03-23T19:58:11+00:00","breadcrumb":{"@id":"https:\/\/adeline-kinesio.fr\/index.php\/infos-pratiques\/#breadcrumb"},"inLanguage":"en-US","potentialAction":[{"@type":"ReadAction","target":["https:\/\/adeline-kinesio.fr\/index.php\/infos-pratiques\/"]}]},{"@type":"ImageObject","inLanguage":"en-US","@id":"https:\/\/adeline-kinesio.fr\/index.php\/infos-pratiques\/#primaryimage","url":"https:\/\/adeline-kinesio.fr\/wp-content\/uploads\/2026\/03\/Le_cabinet.jpg","contentUrl":"https:\/\/adeline-kinesio.fr\/wp-content\/uploads\/2026\/03\/Le_cabinet.jpg","width":487,"height":486},{"@type":"BreadcrumbList","@id":"https:\/\/adeline-kinesio.fr\/index.php\/infos-pratiques\/#breadcrumb","itemListElement":[{"@type":"ListItem","position":1,"name":"Home","item":"https:\/\/adeline-kinesio.fr\/"},{"@type":"ListItem","position":2,"name":"Infos pratiques"}]},{"@type":"WebSite","@id":"https:\/\/adeline-kinesio.fr\/#website","url":"https:\/\/adeline-kinesio.fr\/","name":"Adeline DANIELI, Kinesiologue & Adaptogen\u00e8se","description":"","publisher":{"@id":"https:\/\/adeline-kinesio.fr\/#organization"},"potentialAction":[{"@type":"SearchAction","target":{"@type":"EntryPoint","urlTemplate":"https:\/\/adeline-kinesio.fr\/?s={search_term_string}"},"query-input":{"@type":"PropertyValueSpecification","valueRequired":true,"valueName":"search_term_string"}}],"inLanguage":"en-US"},{"@type":"Organization","@id":"https:\/\/adeline-kinesio.fr\/#organization","name":"Adeline DANIELI, Kinesiologue & Adaptogen\u00e8se","url":"https:\/\/adeline-kinesio.fr\/","logo":{"@type":"ImageObject","inLanguage":"en-US","@id":"https:\/\/adeline-kinesio.fr\/#\/schema\/logo\/image\/","url":"https:\/\/adeline-kinesio.fr\/wp-content\/uploads\/2026\/03\/logo_accueil.jpg","contentUrl":"https:\/\/adeline-kinesio.fr\/wp-content\/uploads\/2026\/03\/logo_accueil.jpg","width":171,"height":106,"caption":"Adeline DANIELI, Kinesiologue & Adaptogen\u00e8se"},"image":{"@id":"https:\/\/adeline-kinesio.fr\/#\/schema\/logo\/image\/"}}]}},"_links":{"self":[{"href":"https:\/\/adeline-kinesio.fr\/index.php\/wp-json\/wp\/v2\/pages\/10","targetHints":{"allow":["GET"]}}],"collection":[{"href":"https:\/\/adeline-kinesio.fr\/index.php\/wp-json\/wp\/v2\/pages"}],"about":[{"href":"https:\/\/adeline-kinesio.fr\/index.php\/wp-json\/wp\/v2\/types\/page"}],"author":[{"embeddable":true,"href":"https:\/\/adeline-kinesio.fr\/index.php\/wp-json\/wp\/v2\/users\/1"}],"replies":[{"embeddable":true,"href":"https:\/\/adeline-kinesio.fr\/index.php\/wp-json\/wp\/v2\/comments?post=10"}],"version-history":[{"count":45,"href":"https:\/\/adeline-kinesio.fr\/index.php\/wp-json\/wp\/v2\/pages\/10\/revisions"}],"predecessor-version":[{"id":270,"href":"https:\/\/adeline-kinesio.fr\/index.php\/wp-json\/wp\/v2\/pages\/10\/revisions\/270"}],"wp:attachment":[{"href":"https:\/\/adeline-kinesio.fr\/index.php\/wp-json\/wp\/v2\/media?parent=10"}],"curies":[{"name":"wp","href":"https:\/\/api.w.org\/{rel}","templated":true}]}}